e number?
False
Is 853001 a prime number?
False
Is 84807839 a composite number?
True
Is 991819 prime?
False
Is 6408937 a composite number?
True
Is 18063479 a composite number?
True
Is 3090319 a composite number?
False
Is 37942909 a composite number?
True
Is 75330139 prime?
False
Is 12593653 a prime number?
False
Is 304261067 composite?
True
Is 4756931 a composite number?
False
Is 112916513 prime?
False
Is 79201687 composite?
True
Is 237582901 prime?
True
Is 5508143 prime?
True
Is 922269 a composite number?
True
Is 2940517 prime?
True
Is 321502235 composite?
True
Is 3204307 a composite number?
False
Is 2542177 prime?
False
Is 40879 a composite number?
False
Is 341809205 a composite number?
True
Is 1018763 prime?
True
Is 835421 composite?
False
Is 35702531 composite?
False
Is 27661561 prime?
True
Is 6948343 prime?
True
Is 2251385 a composite number?
True
Is 43447141 a prime number?
True
Is 7410187 prime?
True
Is 68421 a prime number?
False
Is 388168967 a prime number?
True
Is 2375817461 prime?
True
Is 1485713 composite?
False
Is 8308723 a prime number?
True
Is 34739018 a prime number?
False
Is 351554681 prime?
True
Is 1992060907 composite?
False
Is 29470301 prime?
False
Is 4703639 composite?
False
Is 1504389 composite?
True
Is 59303921 a composite number?
True
Is 317974191 prime?
False
Is 2087366 a prime number?
False
Is 22029613 a composite number?
True
Is 6891029 composite?
False
Is 1244807 a prime number?
False
Is 19837591 composite?
False
Is 6375337 prime?
False
Is 434350571 composite?
True
Is 144707903 a composite number?
True
Is 376187233 a composite number?
False
Is 468021 composite?
True
Is 11514277 a prime number?
True
Is 903193 a composite number?
True
Is 221707 a composite number?
False
Is 21999883 prime?
False
Is 356677 composite?
True
Is 1515157 a composite number?
True
Is 4368373 prime?
False
Is 707568899 a prime number?
True
Is 1201909 a prime number?
True
Is 291607201 a composite number?
True
Is 291282161 a composite number?
True
Is 2999081 a composite number?
True
Is 3138545 prime?
False
Is 44407933 a composite number?
False
Is 280169 a prime number?
False
Is 1374407 prime?
True
Is 6219793 a prime number?
True
Is 272284366 a prime number?
False
Is 7140773 a prime number?
False
Is 6067333 prime?
True
Is 5119091 a prime number?
False
Is 29212849 prime?
False
Is 1784261 composite?
True
Is 36995765 prime?
False
Is 1368503 a prime number?
False
Is 66487423 a composite number?
True
Is 14859047 prime?
False
Is 20372559 a composite number?
True
Is 8992349 prime?
False
Is 43495099 a prime number?
False
Is 11037151 prime?
False
Is 164561233 a prime number?
False
Is 11157035 a prime number?
False
Is 49701881 prime?
False
Is 6464057 a prime number?
True
Is 10267193 a prime number?
True
Is 48311069 a composite number?
True
Is 366517551 prime?
False
Is 22460441 composite?
True
Is 1233179 a composite number?
False
Is 92029129 a composite number?
True
Is 10974433 a prime number?
True
Is 419763511 prime?
True
Is 599505941 prime?
False
Is 6849061 prime?
True
Is 17920681 composite?
True
Is 65717947 composite?
False
Is 21133381 prime?
True
Is 196746811 a composite number?
False
Is 597374 composite?
True
Is 17870309 a prime number?
True
Is 116415518 a composite number?
True
Is 14442907 prime?
False
Is 5957663 composite?
False
Is 380863 composite?
True
Is 541821883 a composite number?
False
Is 6994883 a composite number?
True
Is 112756253 prime?
False
Is 21232963 composite?
False
Is 1939919 a composite number?
True
Is 166210921 composite?
True
Is 49841327 composite?
False
Is 92479586 a prime number?
False
Is 14777909 prime?
True
Is 2349053 a prime number?
False
Is 201611563 composite?
True
Is 3123319 a prime number?
False
Is 2208593 composite?
True
Is 18791873 a prime number?
True
Is 76864169 a prime number?
True
Is 2691401 prime?
True
Is 14072023 a composite number?
True
Is 454353 prime?
False
Is 39932027 composite?
True
Is 274739 prime?
True
Is 28235807 a composite number?
True
Is 31759991 prime?
True
Is 714974659 prime?
False
Is 12841753 a composite number?
False
Is 36210223 composite?
True
Is 23878009 a prime number?
False
Is 18739937 composite?
False
Is 25939 prime?
True
Is 58352671 composite?
True
Is 1848889 a prime number?
False
Is 6613391 prime?
False
Is 343178369 prime?
True
Is 298441261 a prime number?
False
Is 130483597 prime?
True
Is 1618849 composite?
False
Is 59317397 a prime number?
False
Is 1636231 prime?
True
Is 71362229 composite?
False
Is 18924387 a composite number?
True
Is 29442199 composite?
True
Is 538221 a composite number?
True
Is 6811757 a composite number?
True
Is 23323143 a composite number?
True
Is 45201137 prime?
False
Is 24369997 a prime number?
False
Is 61500599 composite?
False
Is 52431305 a prime number?
False
Is 49703861 a composite number?
False
Is 13655959 prime?
True
Is 39764503 a prime number?
False
Is 1994687 a composite number?
False
Is 70391879 prime?
True
Is 1660583 a prime number?
False
Is 206645243 composite?
True
Is 456298859 prime?
False
Is 748379 prime?
True
Is 356743021 composite?
False
Is 148202321 prime?
True
Is 14885527 a prime number?
False
Is 204293 a prime number?
False
Is 232317053 a composite number?
True
Is 151658123 prime?
True
Is 2914687 prime?
True
Is 132960169 prime?
True
Is 18979222 a prime number?
False
Is 2623757 prime?
True
Is 1615905251 a prime number?
True
Is 148824271 composite?
False
Is 6549269 composite?
False
Is 109196761 prime?
False
Is 34811201 prime?
True
Is 994129 composite?
True
Is 135684097 a composite number?
True
Is 19974731 a composite number?
True
Is 17987669 prime?
False
Is 204362 prime?
False
Is 329882361 a prime number?
False
Is 57572263 prime?
False
Is 10624379 composite?
False
Is 288461567 a composite number?
False
Is 8484277 a composite number?
True
Is 65301179 a prime number?
True
Is 39412001 a composite number?
True
Is 325454 a composite number?
True
Is 17916355 a composite number?
True
Is 56401207 prime?
True
Is 109520129 composite?
True
Is 22239209 prime?
True
Is 65143577 prime?
True
Is 779561 a composite number?
False
Is 2908931 composite?
False
Is 704441357 a prime number?
True
Is 72030163 a composite number?
True
Is 44945393 composite?
True
Is 10881727 a prime number?
False
Is 47277271 a prime number?
True
Is 18016499 prime?
True
Is 10089373 prime?
False
Is 5305961 a composite number?
False
Is 15613973 a composite number?
True
Is 2884511 a prime number?
False
Is 63815539 a composite number?
False
Is 97117577 a composite number?
False
Is 55428383 composite?
True
Is 18218393 prime?
False
Is 57656023 a prime number?
True
Is 839253 prime?
False
Is 10195433 a prime number?
False
Is 5978345 a prime number?
False
Is 350867197 composite?
False
Is 18242927 composite?
True
Is 12056513 composite?
True
Is 27182777 a composite number?
False
Is 19025951 a prime number?
False
Is 8562089 composite?
True
Is 540851 composite?
False
Is 29022661 a prime number?
True
Is 16786439 a composite number?
True
Is 2896247 composite?
False
Is 19086017 a composite number?
True
Is 4824849 composite?
True
Is 22383029 a composite number?
False
Is 1747943 prime?
False
Is 27457294 a composite number?
True
Is 76801799 a prime number?
True
Is 45349093 composite?
True
Is 307950239 a prime number?
True
Is 3722549 a composite number?
False
Is 217065239 a prime number?
True
Is 297437 a prime number?
False
Is 307760633 a prime number?
False
Is 474723563 a prime number?
False
Is 16018127 a prime number?
True
Is 30763769 prime?
True
Is 516083 a prime number?
False
Is 67679 a composite number?
False
Is 33471019 a composite number?
False
Is 577132493 a prime number?
False
Is 2281687 composite?
False
Is 786276895 composite?
True
Is 15591019 prime?
True
Is 14465389 composite?
True
Is 9551981 composite?
False
Is 15039781 composite?
True
Is 26995841 a composite number?
True
Is 4385737 a prime number?
False
Is 346895629 a composite number?
True
Is 8452273 composite?
True
Is 11002361 composite?
True
Is 4886153 a composite number?
True
Is 139723 prime?
False
Is 9743639 composite?
False
Is 155609 a composite number?
False
Is 168582437 composite?
False
Is 73991 a prime number?
False
Is 378292241 composite?
True
Is 34426369 prime?
False
Is 83794501 prime?
False
Is 237431641 a composite number?
True
Is 665976